{"id":126,"date":"2024-10-15T14:57:35","date_gmt":"2024-10-15T11:57:35","guid":{"rendered":"https:\/\/kenscafe.com.tr\/menu\/?post_type=product&#038;p=126"},"modified":"2026-01-21T10:18:15","modified_gmt":"2026-01-21T07:18:15","slug":"126","status":"publish","type":"product","link":"https:\/\/kenscafe.com.tr\/menu\/urun\/126\/","title":{"rendered":"Hindili Atom Tost"},"content":{"rendered":"","protected":false},"excerpt":{"rendered":"<div class=\"box-flex item-modifier-product-information btm-neutral-border mt-md mb-md\">\n<p class=\"cl-neutral-primary f-paragraph-small-font-size fw-paragraph-small-font-weight lh-paragraph-small-line-height ff-paragraph-small-font-family ma-zero mb-sm\" data-testid=\"item-modifier-product-description\">Tavuk, hellim peyniri, ka\u015far peyniri, iste\u011fe g\u00f6re domates<\/p>\n<\/div>\n<div class=\"box-flex required-list invalid-section guided-required-section p-relative mb-md px-xs pt-md pb-xs br-sm bc-neutral-border\" data-completed=\"false\" data-testid=\"item-modifier-options-list\" data-invalid-section=\"true\">\n<div class=\"box-flex jc-space-between fd-row px-xs\"><\/div>\n<\/div>\n","protected":false},"featured_media":127,"template":"","meta":[],"product_brand":[],"product_cat":[25],"product_tag":[],"class_list":{"0":"post-126","1":"product","2":"type-product","3":"status-publish","4":"has-post-thumbnail","6":"product_cat-tostlar","8":"first","9":"instock","10":"shipping-taxable","11":"purchasable","12":"product-type-simple"},"_links":{"self":[{"href":"https:\/\/kenscafe.com.tr\/menu\/wp-json\/wp\/v2\/product\/126","targetHints":{"allow":["GET"]}}],"collection":[{"href":"https:\/\/kenscafe.com.tr\/menu\/wp-json\/wp\/v2\/product"}],"about":[{"href":"https:\/\/kenscafe.com.tr\/menu\/wp-json\/wp\/v2\/types\/product"}],"wp:featuredmedia":[{"embeddable":true,"href":"https:\/\/kenscafe.com.tr\/menu\/wp-json\/wp\/v2\/media\/127"}],"wp:attachment":[{"href":"https:\/\/kenscafe.com.tr\/menu\/wp-json\/wp\/v2\/media?parent=126"}],"wp:term":[{"taxonomy":"product_brand","embeddable":true,"href":"https:\/\/kenscafe.com.tr\/menu\/wp-json\/wp\/v2\/product_brand?post=126"},{"taxonomy":"product_cat","embeddable":true,"href":"https:\/\/kenscafe.com.tr\/menu\/wp-json\/wp\/v2\/product_cat?post=126"},{"taxonomy":"product_tag","embeddable":true,"href":"https:\/\/kenscafe.com.tr\/menu\/wp-json\/wp\/v2\/product_tag?post=126"}],"curies":[{"name":"wp","href":"https:\/\/api.w.org\/{rel}","templated":true}]}}